{"id":6,"date":"2022-11-09T18:24:38","date_gmt":"2022-11-09T18:24:38","guid":{"rendered":"https:\/\/firattasimacilik.com\/?page_id=6"},"modified":"2022-11-09T19:04:32","modified_gmt":"2022-11-09T19:04:32","slug":"about","status":"publish","type":"page","link":"https:\/\/firattasimacilik.com\/?page_id=6","title":{"rendered":"Hakk\u0131m\u0131zda"},"content":{"rendered":"\n<h2>&#8220;EV OF\u0130S Y\u00dcK TA\u015eIMA B\u0130ZDE..&#8221;<\/h2>\n\n\n\n<p>Ev ve ofis  e\u015fyalar\u0131n\u0131z\u0131n nakliye ve ta\u015f\u0131nmas\u0131n\u0131 kendinize dert etmeyin.<br>Bizimle Ta\u015f\u0131nma daha rahat.<\/p>\n\n\n\n<p><\/p>\n\n\n\n<hr class=\"wp-block-separator has-alpha-channel-opacity\"\/>\n\n\n\n<h3><strong>F\u0131rat Ta\u015f\u0131mac\u0131l\u0131k ve Nakliyat\u00a0ev &amp; ofis\u00a0ta\u015f\u0131ma<\/strong><\/h3>\n\n\n\n<p>Firmam\u0131z  2022 y\u0131l\u0131nda F\u0131rat \u00d6\u011e\u00dcT taraf\u0131ndan nakliye sekt\u00f6r\u00fcnde faaliyetlerine ba\u015flad\u0131.<\/p>\n\n\n\n<p>2022 y\u0131l\u0131nda\u00a0F\u0131rat Ta\u015f\u0131mac\u0131l\u0131k  \u015eirketi kurularak faaliyetlerine evden eve nakliyat sekt\u00f6r\u00fcnde \u00e7al\u0131\u015fmaya devam etmektedir. <\/p>\n\n\n\n<p><strong><u>\u00c7al\u0131\u015fma Alanlar\u0131m\u0131z<\/u><\/strong><\/p>\n\n\n\n<ul>\n<li>Evden eve nakliyat hizmeti,<\/li>\n\n\n\n<li>\u015eehir i\u00e7i ve \u015eehirleraras\u0131 e\u015fya ta\u015f\u0131ma hizmeti,<\/li>\n\n\n\n<li>B\u00fcro ve ofis e\u015fyas\u0131 ta\u015f\u0131ma hizmeti,<\/li>\n\n\n\n<li>Kurum Ta\u015f\u0131ma hizmeti,<\/li>\n<\/ul>\n","protected":false},"excerpt":{"rendered":"<p>&#8220;EV OF\u0130S Y\u00dcK TA\u015eIMA B\u0130ZDE..&#8221; Ev ve ofis e\u015fyalar\u0131n\u0131z\u0131n nakliye ve ta\u015f\u0131nmas\u0131n\u0131 kendinize dert etmeyin.Bizimle Ta\u015f\u0131nma daha rahat. F\u0131rat Ta\u015f\u0131mac\u0131l\u0131k ve Nakliyat\u00a0ev &amp; ofis\u00a0ta\u015f\u0131ma Firmam\u0131z 2022 y\u0131l\u0131nda F\u0131rat \u00d6\u011e\u00dcT taraf\u0131ndan nakliye sekt\u00f6r\u00fcnde faaliyetlerine ba\u015flad\u0131. 2022 y\u0131l\u0131nda\u00a0F\u0131rat Ta\u015f\u0131mac\u0131l\u0131k \u015eirketi kurularak faaliyetlerine evden eve nakliyat sekt\u00f6r\u00fcnde \u00e7al\u0131\u015fmaya devam etmektedir. \u00c7al\u0131\u015fma Alanlar\u0131m\u0131z<\/p>\n","protected":false},"author":1,"featured_media":0,"parent":0,"menu_order":0,"comment_status":"closed","ping_status":"closed","template":"","meta":{"om_disable_all_campaigns":false,"_mi_skip_tracking":false},"aioseo_notices":[],"_links":{"self":[{"href":"https:\/\/firattasimacilik.com\/index.php?rest_route=\/wp\/v2\/pages\/6"}],"collection":[{"href":"https:\/\/firattasimacilik.com\/index.php?rest_route=\/wp\/v2\/pages"}],"about":[{"href":"https:\/\/firattasimacilik.com\/index.php?rest_route=\/wp\/v2\/types\/page"}],"author":[{"embeddable":true,"href":"https:\/\/firattasimacilik.com\/index.php?rest_route=\/wp\/v2\/users\/1"}],"replies":[{"embeddable":true,"href":"https:\/\/firattasimacilik.com\/index.php?rest_route=%2Fwp%2Fv2%2Fcomments&post=6"}],"version-history":[{"count":3,"href":"https:\/\/firattasimacilik.com\/index.php?rest_route=\/wp\/v2\/pages\/6\/revisions"}],"predecessor-version":[{"id":36,"href":"https:\/\/firattasimacilik.com\/index.php?rest_route=\/wp\/v2\/pages\/6\/revisions\/36"}],"wp:attachment":[{"href":"https:\/\/firattasimacilik.com\/index.php?rest_route=%2Fwp%2Fv2%2Fmedia&parent=6"}],"curies":[{"name":"wp","href":"https:\/\/api.w.org\/{rel}","templated":true}]}}